10. Let o be f(11). Suppose -2 = -2*b - o*k, 32 = -3*b - 3*k + 38. What is the greatest common factor of b and 21?
3
Suppose 2*z + 1442 = 3386 + 1620. Calculate the greatest common divisor of z and 810.
162
Let n = 31748 + -31678. Suppose r + 735 = 4*r. What is the highest common factor of n and r?
35
Let b(r) = r**3 + 11*r**2 + 13*r - 16. Let y = -513 - -507. Let w be b(y). Calculate the greatest common factor of 258 and w.
86
Suppose 347*g + 15192 = 378*g + 3970. What is the greatest common divisor of g and 9593?
181
Let k(c) = 22*c - 63. Let z be k(14). Suppose 255*s = z*s + 6270. Calculate the highest common factor of 57 and s.
57
Let g be (15*-1)/(4/24). Let s be 2/(-2) + g/(-2). Let t be (11/s)/((10/136)/5). Calculate the greatest common factor of t and 68.
17
Let u(g) = -g**3 + 3*g**2 + 3*g + 9. Let q be u(4). Suppose -60 - 30 = -q*k. What is the greatest common divisor of 54 and k?
18
Suppose -428*w + 154*w = -27156 - 270134. What is the highest common divisor of 2480 and w?
155
Let i(p) = -p**2 - 74*p + 116. Let b be i(-74). Calculate the highest common factor of 986 and b.
58
Let p = 148 - 136. Let o = 153 + -150. What is the greatest common factor of p and o?
3
Let z be ((-15)/4)/(201/(-42880)). Calculate the greatest common divisor of 640 and z.
160
Let a be (-4)/22 - (-39)/33 - 292. Let y be 10/4 + a/(-6). Calculate the highest common divisor of 68 and y.
17
Let i(l) = 206*l - 436. Let w be i(3). Calculate the highest common divisor of 260 and w.
26
Let v = 522 - 237. Suppose -33*u = -30*u - v. Calculate the greatest common divisor of 10 and u.
5
Let y = -8 - -8. Suppose -z + 3 = -y*z. Let p = 76 - 61. Calculate the highest common divisor of p and z.
3
Let u(i) = 3*i + 35. Let k be u(-12). Let s = 8 - 0. Let a be -2 + 5 - s*k. Calculate the highest common divisor of 1 and a.
1
Let v be (-2 - -3)/((-2208427)/220844 - -10). Calculate the highest common factor of v and 4.
4
Let z be ((-3)/(-15) + 4153/(-15))/(22/(-528)). Calculate the highest common factor of 160 and z.
80
Let i = 211 + -223. Let l(n) = -3*n - 4. Let o be l(i). Calculate the greatest common factor of 2 and o.
2
Let s(m) = 76*m**3 - 2*m**2 + m. Suppose 4*l + w + 1 = 0, -3*l - 17*w = -13*w + 17. Let j be s(l). What is the greatest common factor of j and 3?
3
Suppose 912*z = 879*z + 1287. Calculate the highest common divisor of 3081 and z.
39
Suppose -232*p = -247*p + 60. What is the highest common divisor of p and 5?
1
Suppose 3*x = -2*b + 14 - 91, 3*b + 122 = 2*x. Let m be (-28)/(1/b - (-3)/(-30)). Calculate the highest common divisor of m and 32.
32
Let x = 123 + -59. Suppose -38 = -5*p + 2*b + 186, 0 = 2*p - 4*b - 96. Let j = p + -28. Calculate the greatest common divisor of x and j.
16
Let c(x) = -4*x**2 + 31*x - 7. Let l be c(6). Let v be (300/l)/(2/7). Let g(f) = -3*f + 33. Let o be g(5). What is the highest common divisor of v and o?
6
Suppose -u + 22 = -2*p - 1, 87 = 5*u - 3*p. Suppose -10*h = 3*b - u*h - 7, -5 = -b - h. Let g be (6 - 0)*2/3. Calculate the highest common factor of g and b.
4
Let h(z) = z**3 - 4*z**2 + 3*z - 6. Let c be h(4). Let y be 11/(330/(-20)) + (-5606)/6. Let s = y - -1013. Calculate the highest common divisor of s and c.
6
Let o(a) = -13*a**3 + a**2 - 7*a - 12. Let m = -106 + 104. Let t be o(m). What is the highest common factor of 88 and t?
22
Suppose s + 98*a = 103*a + 1204, -3*s - 5*a = -3512. Calculate the highest common divisor of 9 and s.
9
Suppose 0 = -3*i + 5*c + 313, 4*i - c - 389 = -0*c. Suppose 346*l = 330*l + i. What is the greatest common factor of 222 and l?
6
Suppose 0 = -3*k - 654 - 168. Let t = 304 + k. What is the highest common factor of 270 and t?
30
Suppose u + 0*u - 280 = 0. Suppose o + 33 = -l, -3*l = 5*o + 64 + 33. Let z = l - -69. What is the highest common factor of z and u?
35
Suppose l - h = -6*h + 161, 5*l - 2*h - 859 = 0. Let a be (-2082)/(-27) + (-19)/l. What is the highest common factor of a and 44?
11
Let c(t) = t**3 - 6*t**2 + t + 8. Let s be c(6). Suppose 0 = 143*y - 151*y + 336. Calculate the highest common factor of y and s.
14
Let d be (-1 + 22)*(2 - -1). Let p(h) = h**3 + 2*h**2 + 72. Let q be p(0). Calculate the greatest common factor of d and q.
9
Let h be -5 + 2*1 + -10 + 13. Let d be (164 - h) + -7*(-4)/28. What is the greatest common factor of 15 and d?
15
Let g be (-1 + 2 - 2)*(-34 - 73). Let j = g + -94. What is the highest common factor of 325 and j?
13
Let n be 2*(-797 + 1)*(-48 + 44). Calculate the highest common factor of n and 32.
32
Let c be ((-15498)/216)/(4/(-4)) + (-1)/(-4). Calculate the greatest common factor of 2709 and c.
9
Suppose 6*v - 2*v = 0. Suppose v = 4*i + 2*h - 5 - 53, 2*i - 14 = 2*h. Let f be (-4 + i/5)*-10. What is the greatest common divisor of f and 4?
4
Let m = 167 - 109. Suppose -z + 324 = c, -4*c + 232*z = 235*z - 1291. Calculate the highest common divisor of m and c.
29
Let c = -46 - -49. Let x be (0 + -400)/(c/(-6)*1). Suppose x = 6*z - 256. Calculate the greatest common divisor of 16 and z.
16
Suppose 2*s - 3*s = 0. Let f(j) = -j**2 + 9*j + 75. Let n be f(s). What is the greatest common factor of 45 and n?
15
Suppose 46*d + 1972 - 954 = 8194. Calculate the greatest common divisor of d and 91.
13
Suppose -7 + 247 = -3*l. Let a be (32/l)/((-1)/15). Suppose 3*f = 3*b + a, f - 2*f = -2*b + 1. Calculate the greatest common factor of f and 5.
5
Let p be (2484/189)/(-23) - 858/(-7). What is the highest common factor of p and 5734?
122
Let w be (4 + 2)*-1 - (17 - 36 - 4). Calculate the greatest common factor of w and 13294.
17
Suppose -4*m + 3*b = -0*b - 159, b + 157 = 4*m. Suppose 574*o - 6619 - 6575 = 334*o - 1226*o. What is the greatest common divisor of m and o?
3
Let y = 638 + -610. Suppose 4*w = 3*w + 196. What is the greatest common divisor of w and y?
28
Suppose 342*p = -453616 + 1560328. Calculate the greatest common divisor of p and 12.
4
Suppose 871*a = 876*a - 30240. Calculate the greatest common divisor of 64 and a.
32
Suppose -195 = 179*d - 182*d + 3*z, -d = -3*z - 57. What is the greatest common divisor of 1725 and d?
69
Suppose 0 = -8*u - 3*u + 55. Suppose -8*n + u = -3*n. Calculate the highest common factor of 17 and n.
1
Let r be 0 + (36/2 - 0). Suppose -x = 5*m + x - 54, 3*m = x + 28. Let h be (-30)/(-4)*216/m. What is the greatest common divisor of h and r?
18
Suppose -2*r = -2*u - 5*r + 18, 5*r - 20 = 0. Suppose -5*g - 2*h + 634 = 0, 70*g - u*h = 73*g - 384. Calculate the greatest common factor of 315 and g.
63
Let t be -15*((-966)/14 + 8). What is the highest common divisor of 427 and t?
61
Let t = 57545 - 39264. What is the highest common divisor of t and 543?
181
Let p = 20594 - 18536. What is the greatest common factor of 105 and p?
21
Let m(h) = -h**3 - 40*h**2 - 153*h - 244. Let k be m(-36). What is the greatest common factor of 104 and k?
8
Let t = 32199 + -32191. What is the highest common divisor of 10856 and t?
8
Let m be (-3)/((-12)/8) - (20 + -1040). Calculate the greatest common factor of m and 14.
14
Suppose -b - 4*z - 6 = -26, 4*b + z - 5 = 0. Suppose b = -16*f + 11*f + 145. Calculate the greatest common divisor of f and 145.
29
Suppose -z + 3*z + 4*y + 842 = 0, -z - 442 = -5*y. Let p = z + 443. What is the greatest common factor of 28 and p?
4
Let f(s) = -347*s - 4152. Let i be f(-12). What is the greatest common divisor of i and 1516?
4
Suppose -377 = -5*b - 57. Suppose t + 3*n - 107 = 3*t, -211 = 4*t - 3*n. Let d be (1 - t/(-20))*-20. What is the highest common divisor of b and d?
32
Let v be (50/30)/(13/184275). What is the greatest common factor of v and 210?
105
Let h be (-8)/(-2)*2/4. Let l = -34 + 36. Suppose h*m - s - 144 = 0, 5*m + l*s - 200 = 142. What is the highest common divisor of 10 and m?
10
Let a(b) = 2*b + 161. Let p be a(-61). Calculate the highest common factor of 3432 and p.
39
Let w(d) = -28*d**3 + 29*d**2 - 31*d**2 - 8*d**3 + 4*d. Let g be w(-2). What is the highest common factor of 16 and g?
16
Let c(l) = -l**2 - 37*l + 12. Let j be c(0). Calculate the greatest common divisor of 11004 and j.
12
Let v(w) = -w**3 + 7*w**2 + 10*w - 8. Let i be v(6). Let g = 3565 + -3557. What is the greatest common divisor of i and g?
8
Suppose 33*l - 590 = 38*l. Let y = -78 - l. What is the highest common divisor of 5 and 